 thousands digit of 109963?
9
What is the ten thousands digit of 18282?
1
What is the tens digit of 29421?
2
What is the units digit of 3016?
6
What is the units digit of 8157?
7
What is the thousands digit of 2849?
2
What is the tens digit of 79923?
2
What is the hundreds digit of 5508?
5
What is the units digit of 14557?
7
What is the units digit of 5504?
4
What is the tens digit of 16254?
5
What is the ten thousands digit of 18134?
1
What is the units digit of 55058?
8
What is the hundreds digit of 1430?
4
What is the hundreds digit of 6083?
0
What is the ten thousands digit of 50559?
5
What is the hundreds digit of 4331?
3
What is the thousands digit of 75189?
5
What is the units digit of 67084?
4
What is the hundreds digit of 1096?
0
What is the thousands digit of 29168?
9
What is the tens digit of 2412?
1
What is the hundreds digit of 369?
3
What is the units digit of 1210?
0
What is the tens digit of 5137?
3
What is the units digit of 58189?
9
What is the tens digit of 11045?
4
What is the thousands digit of 30263?
0
What is the units digit of 2979?
9
What is the tens digit of 66043?
4
What is the hundreds digit of 4451?
4
What is the hundreds digit of 32785?
7
What is the tens digit of 3890?
9
What is the units digit of 32159?
9
What is the units digit of 24483?
3
What is the tens digit of 30894?
9
What is the hundreds digit of 612?
6
What is the thousands digit of 2454?
2
What is the units digit of 16639?
9
What is the thousands digit of 9874?
9
What is the hundreds digit of 1275?
2
What is the hundreds digit of 22613?
6
What is the hundreds digit of 3769?
7
What is the thousands digit of 1519?
1
What is the units digit of 5183?
3
What is the hundreds digit of 758?
7
What is the hundreds digit of 11341?
3
What is the ten thousands digit of 38233?
3
What is the tens digit of 437?
3
What is the units digit of 2413?
3
What is the thousands digit of 1068?
1
What is the hundreds digit of 8939?
9
What is the units digit of 4289?
9
What is the thousands digit of 5212?
5
What is the hundreds digit of 940?
9
What is the ten thousands digit of 70464?
7
What is the hundreds digit of 21587?
5
What is the tens digit of 551?
5
What is the thousands digit of 1839?
1
What is the tens digit of 4774?
7
What is the hundreds digit of 1697?
6
What is the hundreds digit of 2828?
8
What is the units digit of 1294?
4
What is the units digit of 2947?
7
What is the tens digit of 2116?
1
What is the thousands digit of 6049?
6
What is the units digit of 631?
1
What is the units digit of 13?
3
What is the thousands digit of 6695?
6
What is the thousands digit of 11061?
1
What is the thousands digit of 4403?
4
What is the thousands digit of 2901?
2
What is the tens digit of 81121?
2
What is the units digit of 5234?
4
What is the tens digit of 1135?
3
What is the hundreds digit of 13884?
8
What is the hundreds digit of 76749?
7
What is the hundreds digit of 59715?
7
What is the units digit of 87781?
1
What is the hundreds digit of 99994?
9
What is the ten thousands digit of 40854?
4
What is the units digit of 2124?
4
What is the thousands digit of 5815?
5
What is the units digit of 45352?
2
What is the units digit of 4324?
4
What is the tens digit of 16374?
7
What is the units digit of 78138?
8
What is the tens digit of 15739?
3
What is the units digit of 1696?
6
What is the tens digit of 14431?
3
What is the thousands digit of 27141?
7
What is the units digit of 1055?
5
What is the ten thousands digit of 13999?
1
What is the units digit of 3415?
5
What is the units digit of 69157?
7
What is the ten thousands digit of 18850?
1
What is the units digit of 2076?
6
What is the tens digit of 1339?
3
What is the thousands digit of 8189?
8
What is the tens digit of 2405?
0
What is the hundreds digit of 20532?
5
What is the hundreds digit of 21559?
5
What is the hundreds digit of 45241?
2
What is the thousands digit of 2176?
2
What is the units digit of 1201?
1
What is the hundreds digit of 545?
5
What is the hundreds digit of 2750?
7
What is the ten thousands digit of 33578?
3
What is the thousands digit of 6940?
6
What is the units digit of 18017?
7
What is the thousands digit of 5324?
5
What is the units digit of 31484?
4
What is the ten thousands digit of 12979?
1
What is the hundreds digit of 841?
8
What is the tens digit of 3114?
1
What is the units digit of 94990?
0
What is the tens digit of 2971?
7
What is the units digit of 97?
7
What is the thousands digit of 7484?
7
What is the hundreds digit of 20400?
4
What is the units digit of 4982?
2
What is the hundreds digit of 63961?
9
What is the hundreds digit of 2074?
0
What is the units digit of 2413?
3
What is the units digit of 48?
8
What is the tens digit of 3269?
6
What is the tens digit of 593?
9
What is the tens digit of 2106?
0
What is the tens digit of 2365?
6
What is the tens digit of 257?
5
What is the hundreds digit of 134?
1
What is the hundred thousands digit of 128539?
1
What is the units digit of 8535?
5
What is the thousands digit of 5228?
5
What is the tens digit of 10588?
8
What is the hundreds digit of 4024?
0
What is the tens digit of 3166?
6
What is the hundreds digit of 110?
1
What is the thousands digit of 4898?
4
What is the tens digit of 345?
4
What is the units digit of 347?
7
What is the units digit of 21196?
6
What is the ten thousands digit of 130083?
3
What is the tens digit of 34170?
7
What is the thousands digit of 6782?
6
What is the hundreds digit of 796?
7
What is the units digit of 9430?
0
What is the hundreds digit of 616?
6
What is the units digit of 8722?
2
What is the tens digit of 9838?
3
What is the units digit of 5663?
3
What is the thousands digit of 1294?
1
What is the tens digit of 6433?
3
What is the hundreds digit of 768?
7
What is the units digit of 9826?
6
What is the hundreds digit of 9228?
2
What is the hundreds digit of 5762?
7
What is the ten thousands digit of 40810?
4
What is the units digit of 60964?
4
What is the hundreds digit of 10181?
1
What is the tens digit of 23222?
2
What is the units digit of 120?
0
What is the tens digit of 45206?
0
What is the ten thousands digit of 10976?
1
What is the thousands digit of 4325?
4
What is the hundreds digit of 1205?
2
What is the ten thousands digit of 15579?
1
What is the tens digit of 88740?
4
What is the hundreds digit of 1629?
6
What is the units digit of 37994?
4
What is the thousands digit of 3124?
3
What is the units digit of 600?
0
What is the hundreds digit of 475?
4
What is the units digit of 635?
5
What is the units digit of 10711?
1
What is the thousands digit of 5959?
5
What is the hundreds digit of 3236?
2
What is the tens digit of 58477?
7
What is the tens digit of 1336?
3
What is the tens digit of 83971?
7
What is the hundreds digit of 152759?
7
What is the hundreds digit of 2282?
2
What is the units digit of 378?
8
What is the units digit of 1?
1
What is the tens digit of 8979?
7
What is the thousands digit of 33088?
3
What is the units digit of 58946?
6
What is the tens digit of 10825?
2
What is the tens digit of 71?
7
What is the tens digit of 3514?
1
What is the ten thousands digit of 158196?
5
What is the units digit of 21461?
1
What is the ten thousands digit of 24476?
2
What is the thousands digit of 1924?
1
What is the thousands digit of 11062?
1
What is the units digit of 31006?
6
What is the tens digit of 6376?
7
What is the hundreds digit of 1785?
7
What is the hundreds digit of 1635?
6
What is the hundreds digit of 713?
7
What is the hundreds digit of 24552?
5
What is the tens digit of 22619?
1
What is the thousands digit of 37220?
7
What is the thousands digit of 2077?
2
What is the tens digit of 651?
5
What is the tens digit of 989?
8
What is the hundreds digit of 5193?
1
What is the ten thousands digit of 61157?
6
What is the hundreds digit of 2043?
0
What is the units digit of 1040?
0
What is the units digit of 54?
4
What is the thousands digit of 2064?
2
What is the hundreds digit of 6717?
7
What is the thousands digit of 1039?
1
What is the thousands digit of 3711?
3
What is the hundreds digit of 26344?
3
What is the thousands digit of 9981?
9
What is the hundreds digit of 4403?
4
What is the ten thousands digit of 17711?
1
What is the hundreds digit of 23346?
3
What is the ten t